{"id":1203,"date":"2022-07-25T16:07:14","date_gmt":"2022-07-25T14:07:14","guid":{"rendered":"http:\/\/www.menzenberg.com\/?page_id=1203"},"modified":"2023-11-21T20:06:44","modified_gmt":"2023-11-21T19:06:44","slug":"kostenlose-informationsveranstaltung-zu-systemischen-aufstellungen","status":"publish","type":"page","link":"https:\/\/steffi-eller.com\/?page_id=1203","title":{"rendered":"Kostenlose Informationsveranstaltung zu systemischen Aufstellungen &#8211; online"},"content":{"rendered":"\n<h2 class=\"wp-block-heading\">Kostenlose Informationsveranstaltung zu systemischen Aufstellungen<\/h2>\n\n\n\n<p>\u2013 in Kooperation mit dem Verein Gesundheit und Lebenskunst e.V., Hochheim &#8211;<\/p>\n\n\n\n<p>Der kostenlose Impulsvortrag bietet allen Interessierten die M\u00f6glichkeit bequem von zuhause Informationen \u00fcber die Methode der Aufstellungsarbeit, der Entwicklung und \u00fcber die verschiedenen Formen der Aufstellungsarbeit zu bekommen. Ich werde jeweils Fallbeispiele erl\u00e4utern und m\u00f6gliche Einsatzm\u00f6glichkeiten ansprechen. <\/p>\n\n\n\n<p>Es gibt auch Informationen und Anregungen zu meinem neuen Format &#8222;Systemaufstellungs-Werkstatt&#8220;, das einmal monatlich montags abends in Hochheim stattfindet. <\/p>\n\n\n\n<p>Zudem erkl\u00e4re und demonstriere ich kurz die M\u00f6glichkeiten,&nbsp; wie wir die Methode, die eine klassische Gruppenmethode ist, auch online nutzen k\u00f6nnen. Ganz ohne physischen Kontakt, aber mit ordenlich mentalen Miteinander &#8211; f\u00fcr alle F\u00e4lle.<\/p>\n\n\n\n<p>Die Veranstaltung dauert maximal 90 min und bietet Raum f\u00fcr Fragen. <\/p>\n\n\n\n<p>Eine Anmeldung ist erforderlich. <a href=\"https:\/\/steffi-eller.com\/?page_id=277\">Termine und Anmeldung<\/a><\/p>\n\n\n\n<figure class=\"wp-block-image size-full\"><img loading=\"lazy\" decoding=\"async\" width=\"480\" height=\"640\" src=\"https:\/\/steffi-eller.com\/wp-content\/uploads\/2020\/02\/systemaufstellung.jpg\" alt=\"\" class=\"wp-image-923\" srcset=\"https:\/\/steffi-eller.com\/wp-content\/uploads\/2020\/02\/systemaufstellung.jpg 480w, https:\/\/steffi-eller.com\/wp-content\/uploads\/2020\/02\/systemaufstellung-225x300.jpg 225w\" sizes=\"auto, (max-width: 480px) 100vw, 480px\" \/><\/figure>\n","protected":false},"excerpt":{"rendered":"<p>Kostenlose Informationsveranstaltung zu systemischen Aufstellungen \u2013 in Kooperation mit dem Verein Gesundheit und Lebenskunst e.V., Hochheim &#8211; Der kostenlose Impulsvortrag bietet allen Interessierten die M\u00f6glichkeit bequem von zuhause Informationen \u00fcber die Methode der Aufstellungsarbeit, der Entwicklung und \u00fcber die verschiedenen Formen der Aufstellungsarbeit zu bekommen. Ich werde jeweils Fallbeispiele erl\u00e4utern und m\u00f6gliche Einsatzm\u00f6glichkeiten ansprechen. Es &hellip; <\/p>\n<p class=\"link-more\"><a href=\"https:\/\/steffi-eller.com\/?page_id=1203\" class=\"more-link\"><span class=\"screen-reader-text\">\u201eKostenlose Informationsveranstaltung zu systemischen Aufstellungen &#8211; online\u201c<\/span> weiterlesen<\/a><\/p>\n","protected":false},"author":1,"featured_media":0,"parent":0,"menu_order":0,"comment_status":"closed","ping_status":"closed","template":"","meta":{"footnotes":""},"class_list":["post-1203","page","type-page","status-publish","hentry"],"_links":{"self":[{"href":"https:\/\/steffi-eller.com\/index.php?rest_route=\/wp\/v2\/pages\/1203","targetHints":{"allow":["GET"]}}],"collection":[{"href":"https:\/\/steffi-eller.com\/index.php?rest_route=\/wp\/v2\/pages"}],"about":[{"href":"https:\/\/steffi-eller.com\/index.php?rest_route=\/wp\/v2\/types\/page"}],"author":[{"embeddable":true,"href":"https:\/\/steffi-eller.com\/index.php?rest_route=\/wp\/v2\/users\/1"}],"replies":[{"embeddable":true,"href":"https:\/\/steffi-eller.com\/index.php?rest_route=%2Fwp%2Fv2%2Fcomments&post=1203"}],"version-history":[{"count":6,"href":"https:\/\/steffi-eller.com\/index.php?rest_route=\/wp\/v2\/pages\/1203\/revisions"}],"predecessor-version":[{"id":1431,"href":"https:\/\/steffi-eller.com\/index.php?rest_route=\/wp\/v2\/pages\/1203\/revisions\/1431"}],"wp:attachment":[{"href":"https:\/\/steffi-eller.com\/index.php?rest_route=%2Fwp%2Fv2%2Fmedia&parent=1203"}],"curies":[{"name":"wp","href":"https:\/\/api.w.org\/{rel}","templated":true}]}}

<h2 class="wp-block-heading">Kostenlose Informationsveranstaltung zu systemischen Aufstellungen</h2>



<p>– in Kooperation mit dem Verein Gesundheit und Lebenskunst e.V., Hochheim &#8211;</p>



<p>Der kostenlose Impulsvortrag bietet allen Interessierten die Möglichkeit bequem von zuhause Informationen über die Methode der Aufstellungsarbeit, der Entwicklung und über die verschiedenen Formen der Aufstellungsarbeit zu bekommen. Ich werde jeweils Fallbeispiele erläutern und mögliche Einsatzmöglichkeiten ansprechen. </p>



<p>Es gibt auch Informationen und Anregungen zu meinem neuen Format &#8222;Systemaufstellungs-Werkstatt&#8220;, das einmal monatlich montags abends in Hochheim stattfindet. </p>



<p>Zudem erkläre und demonstriere ich kurz die Möglichkeiten,&nbsp; wie wir die Methode, die eine klassische Gruppenmethode ist, auch online nutzen können. Ganz ohne physischen Kontakt, aber mit ordenlich mentalen Miteinander &#8211; für alle Fälle.</p>



<p>Die Veranstaltung dauert maximal 90 min und bietet Raum für Fragen. </p>



<p>Eine Anmeldung ist erforderlich. <a href="https://steffi-eller.com/?page_id=277">Termine und Anmeldung</a></p>



<figure class="wp-block-image size-full"><img loading="lazy" decoding="async" width="480" height="640" src="https://steffi-eller.com/wp-content/uploads/2020/02/systemaufstellung.jpg" alt="" class="wp-image-923" srcset="https://steffi-eller.com/wp-content/uploads/2020/02/systemaufstellung.jpg 480w, https://steffi-eller.com/wp-content/uploads/2020/02/systemaufstellung-225x300.jpg 225w" sizes="auto, (max-width: 480px) 100vw, 480px" /></figure>

<p>Kostenlose Informationsveranstaltung zu systemischen Aufstellungen – in Kooperation mit dem Verein Gesundheit und Lebenskunst e.V., Hochheim &#8211; Der kostenlose Impulsvortrag bietet allen Interessierten die Möglichkeit bequem von zuhause Informationen über die Methode der Aufstellungsarbeit, der Entwicklung und über die verschiedenen Formen der Aufstellungsarbeit zu bekommen. Ich werde jeweils Fallbeispiele erläutern und mögliche Einsatzmöglichkeiten ansprechen. Es &hellip; </p>
<p class="link-more"><a href="https://steffi-eller.com/?page_id=1203" class="more-link"><span class="screen-reader-text">„Kostenlose Informationsveranstaltung zu systemischen Aufstellungen &#8211; online“</span> weiterlesen</a></p>
